 -1 - (-2)/((-6)/j)?
6
Let p be (1 - -1 - -29) + 3. Suppose 0 = n + 5*l - 4, -3*n = -2*n + 4*l - 4. Suppose 0 = o - 6*o + 5*k + 30, -2*k = -n*o + p. What is the tens digit of o?
1
Let y be -14 + 1981 - (-1 + 3). What is the units digit of 1/(-5) + y/75?
6
Suppose -94 = 2*b - 354. What is the units digit of b?
0
Suppose 0 = 5*t - s - 144, 0 = -5*t + 5*s + 145 - 5. What is the tens digit of t?
2
Suppose 4*v + 52 = 8*v. What is the tens digit of v?
1
Suppose -45 = -4*v - 5*y, 5*y - 71 = -5*v - 16. Let i = 15 - v. Suppose z = 0, -i*z = p - 4 - 3. What is the units digit of p?
7
Let t(x) = x**2. Let d(h) = 5*h**2 - 6*h - 2. Let o(f) = d(f) - t(f). What is the tens digit of o(3)?
1
Let x = -7 + 4. Let i be (14/6)/(1/x). What is the units digit of 0 + 1 + (0 - i)?
8
Suppose -y + j = 2, -9 - 16 = -5*j. Suppose 0 = -2*w - 4*i - 3 + 29, -23 = -y*w - 2*i. Suppose -5*u - 3*q = -20 + w, q = u - 3. What is the units digit of u?
3
Let n(d) be the second derivative of -d**4/12 - 2*d**3 + 5*d**2/2 + 4*d. Let x be n(-12). Let z = 8 - x. What is the units digit of z?
3
Let l = -1 + -3. Let t = 8 + l. Suppose 5*f - 41 = t. What is the units digit of f?
9
Suppose -q = 2, 2*r - 3*q + 2*q - 2 = 0. Suppose -10*f - 6 = -12*f. Let u = r + f. What is the units digit of u?
3
What is the tens digit of 47 + 11 - (0 - -3)?
5
Let f(x) = -20*x + 12. What is the units digit of f(-4)?
2
Let i(d) = -d - 6. Let b be i(7). Let j = b + 29. What is the tens digit of j?
1
Let h(o) = -2*o**2 - 4*o. Let f be h(-3). Let d = -12 + 11. What is the units digit of (-21)/f + d/2?
3
Suppose -2*y + 96 = -5*t + 5, 2*y - t - 71 = 0. What is the units digit of y?
3
Let k = 23 + -13. What is the units digit of (85/k)/((-1)/(-4))?
4
Let f be (3/3 - 1) + 5. Suppose f*u - 4*u - 27 = 0. What is the tens digit of u?
2
Suppose 130 = 2*y + 8*y. What is the units digit of y?
3
Suppose 0*q + z = 5*q + 9, -3*z + 1 = -2*q. What is the tens digit of ((-16)/40)/(q/60)?
1
Let v(c) = 3 + 0 - c**3 - 5 - 4*c**2 - c**3 - 4*c. Let m be v(-2). What is the units digit of (-1 - 2)*(-22)/m?
1
Let c be (-3)/(-12) - 119/(-4). Suppose 3*p - c = 12. What is the tens digit of p?
1
Suppose -2*m = -6*m + 24. What is the units digit of m?
6
Let d be (2/(-1))/(1/2). Let y be (-44)/(-36) - 4/18. What is the units digit of (7/(-4))/(y/d)?
7
Suppose -2*o = 38 - 524. What is the units digit of o?
3
Let o = 331 + -231. Suppose 0*v + o = 4*v. What is the units digit of v?
5
Let z be (2/7)/((-3)/(-21)). Let a(x) = -x**3 + 3*x**2 - 2*x - 1. Let y be a(z). What is the units digit of 4 + -1 + 3 + y?
5
Let i = 7 - 10. What is the tens digit of i/(-1)*(-30)/(-9)?
1
Let k(w) = w**2 - 3*w - 7. Let p be k(5). Let r(l) = l**2 - 3*l + 4. What is the units digit of r(p)?
4
Let x be (1 + -2)*(4 + -17). Suppose 4*s = 53 - x. What is the tens digit of s?
1
Suppose -114 = -3*z - 3*t, 0 = -5*z + t - 0*t + 196. What is the tens digit of z?
3
Let m(w) = 2*w**3 + 6*w**2 - 10*w + 1. What is the units digit of m(3)?
9
Suppose 0*x = 2*x. Suppose x = -3*t - t - 40. What is the tens digit of (2 - 6)/(4/t)?
1
Suppose o + 18 = 10. Let u(s) = -s**2 + 2*s - 2. Let x be u(4). What is the units digit of (o - -3)*4/x?
2
Let f be -1*(3 - 3)/3. Suppose f*z = -z + 9. What is the units digit of z?
9
Let f be (-2)/3 + 672/9. Suppose 3*l - 2*d - 30 = d, 0 = 5*l + d - f. What is the units digit of l?
4
What is the units digit of -1 - (-11 - (1 - -2))?
3
Let r(f) = -4*f - 26. What is the tens digit of r(-12)?
2
Suppose -4*y + 117 = -y + s, 0 = -2*y - 4*s + 88. What is the tens digit of y?
3
What is the tens digit of (-124)/2*1/(-2)?
3
Let v be (2 + 0)/((-4)/(-14)). Let y = v - 6. What is the units digit of y?
1
Let t(w) = -w**2 - w + 1. Let i be t(0). Let c(k) = 4*k + 5*k**2 - 3*k**2 - 6*k + k**3 - i - k**2. What is the units digit of c(2)?
7
Suppose -1 + 20 = 4*f + 3*g, -4*g = 4*f - 24. What is the tens digit of 1/((-1)/((-11)/f))?
1
Suppose 0 = 4*v - 3*r + 5, -2*v - 11 = -4*v - 3*r. Let a = v - -3. Suppose 0 = -6*f + a*f + 38. What is the tens digit of f?
1
Suppose 2*p - 150 = -3*p. Suppose -69 = 2*i + 3*d, 4*d - p = 3*i + 65. What is the tens digit of (-2)/4 - i/2?
1
Let l(z) = z. Let r(s) = s + 3. Suppose -2*x = x - 15. Let f(m) = x*l(m) - r(m). What is the units digit of f(2)?
5
Let o = 93 - 22. Suppose -o = -2*p + 9. What is the tens digit of p?
4
Let d(p) = p**2 + 2*p + 3. Let b be d(-2). Suppose -6*o = -b*o - n - 20, 4 = 4*n. What is the units digit of o?
7
Let x be (-556)/(-14) - 6/(-21). Let h = x - 16. What is the tens digit of h?
2
Suppose 2*s - p - 34 = 0, -42 = -4*s - 2*p + 34. What is the tens digit of s?
1
Let x(r) = -r**2 + 11*r - 9. Suppose 0 = -4*z - 4 + 28. What is the tens digit of x(z)?
2
Suppose -26 = -4*q + g, -q - g + 3 = -1. Suppose q*y - y + 2*o = 204, 5*o = 10. What is the units digit of y?
0
Suppose -6*g - g = -791. What is the units digit of g?
3
Let c be (0 - -1)/(1/(-49)). Let s = -17 - c. What is the units digit of s?
2
Let w = 10 + -9. Let k(h) = 33*h + 2. What is the units digit of k(w)?
5
Suppose 66 = -6*j + 2190. What is the tens digit of j?
5
Suppose -105 + 21 = 4*p + n, -102 = 5*p + 2*n. Let f = p - -31. What is the units digit of f?
9
Let k = -3 - -6. Suppose -w = -k*m + 4*w + 27, -3*w = -2*m + 17. What is the units digit of m?
4
Let f(k) = -8*k. Let i be f(-2). Suppose x + 4*x = -2*l + i, 2*x - 2*l + 2 = 0. What is the units digit of x?
2
Suppose -5*h + 6 + 19 = 0. Let u(m) = 1. Let z(o) = -2*o**2 + 8*o - 9. Let q(y) = -4*u(y) - z(y). What is the tens digit of q(h)?
1
Suppose -2*a + 3 + 7 = 0. Let x = -1 + 1. Let q = x + a. What is the units digit of q?
5
Let i = 16 - -15. What is the units digit of i?
1
Let i = 1 - -4. What is the units digit of i?
5
Let f(n) = -n**3 - 8*n**2 + 2*n + 6. Let z be f(-8). Let o be (z/(-4))/(3/12). What is the units digit of (4/5)/(2/o)?
4
Let w(o) = -o**2 - 16*o - 14. What is the tens digit of w(-6)?
4
Suppose -4*r + 3*j + 494 = 0, -100 = -2*r - 4*j + 136. What is the tens digit of r?
2
Suppose a + 3*a + 40 = 0. Let g = a + 3. Let h(j) = -j**3 - 6*j**2 + 5*j - 9. What is the units digit of h(g)?
5
Let v(r) = -4*r + 15. What is the tens digit of v(-11)?
5
Let b(k) = -17*k. What is the units digit of b(-1)?
7
Let r(f) = -f**3 + f**2 - f. Let w be r(1). Let i be (1 + 0)/(w/(-2)). Let a = -1 + i. What is the units digit of a?
1
Suppose c + 44 = 3*z - 107, 20 = 4*c. What is the units digit of z?
2
Suppose 4*p = -4*k + 612, -2*p - 3*k - 165 = -3*p. What is the tens digit of p?
5
Let r = 65 - -103. What is the units digit of r?
8
Let s be (0 - 2)/4*0. Suppose 5*k - 21 - 139 = s. What is the tens digit of k?
3
Let j = -61 - -95. What is the units digit of j?
4
Suppose -4*a - 3*y = -37, 2*a - 2*y = y + 41. What is the tens digit of a?
1
Let x(n) be the second derivative of n**3/6 - n**2 + 3*n. Let v = 0 - -3. What is the units digit of x(v)?
1
Suppose 8 = 5*d - 2*v, 4*v + 2 = 6. Suppose 2*k + d*k = 20. Suppose -3*l - 27 = -4*g, -k*l - 3 = 4*g - 22. What is the units digit of g?
6
Suppose 2*a = -3*m + 4*a + 815, m + 5*a - 249 = 0. What is the units digit of m?
9
Let m = 15 - -22. What is the tens digit of m?
3
Suppose 30 = -2*a - 5*y, -a - 5*y - 16 = 4. What is the units digit of (2 + -2 + a)/(-2)?
5
Let t be -4 + (-2 + 2 - -1). Let j = -5 - t. What is the units digit of (j - -4) + -4 - -5?
3
Suppose 2*j - 21 = -j. Suppose -70 + j = -5*c - o, -3*o = -5*c + 51. What is the tens digit of c?
1
Let i = 9 + -7. Suppose -2*k - 4*l + 5 = -17, -13 = -i*k + 5*l. What is the units digit of k?
9
Suppose 4 = -2*z + 130. Let s = 93 - z. Let k = -21 + s. What is the units digit of k?
9
Let w = 214 - 125. What is the tens digit of w?
8
Suppose 0 = 4*k - 7 - 5. Suppose -5*y - 59 = -3*a, -17 - 26 = -k*a + y. What is the tens digit of a?
1
Let m = 7 - 4. Suppose 88 = m*f + 22. Suppose 4*a = 2 + f. What is the units digit of a?
6
Let y be ((-3)/(-2))/(3/2). Let c = y + 18. What is the units digit of c?
9
What is the tens digit of 5/((-5)/3) - -40?
3
Let k = -68 - -413. What is the tens digit of k?
4
Let o = -40 + 149. What is the tens digit of o?
0
Suppose f - 1 = 2. Suppose -58 - 8 = -f*v. What is the tens digit of v?
2
Suppose -q = -0 - 14. Let m be -1 + (-4)/((-8)/q). Suppose 0*k - 12 = -2*k - 5*c, 2*c = -2*k + m. What is 